at is the highest common divisor of 21994 and 310104403?
10997
Calculate the highest common divisor of 1192175 and 1075.
1075
What is the highest common factor of 2156 and 51975?
77
Calculate the highest common divisor of 14 and 52772314.
14
Calculate the highest common factor of 949 and 1509056.
73
What is the greatest common factor of 34238952 and 3740?
748
Calculate the highest common divisor of 447034 and 2324.
14
What is the greatest common factor of 337350838 and 11?
11
What is the greatest common factor of 217 and 71658143?
31
Calculate the greatest common divisor of 52595790 and 20.
10
What is the greatest common divisor of 7 and 28445367?
1
What is the highest common divisor of 26 and 15949687?
13
Calculate the highest common factor of 10359570 and 1315.
1315
Calculate the highest common divisor of 108 and 11987004.
12
Calculate the highest common factor of 106764 and 3217242.
1302
What is the highest common divisor of 102 and 93519686?
34
Calculate the greatest common divisor of 738276 and 5964.
84
Calculate the highest common divisor of 109681695 and 18.
9
What is the highest common factor of 9182760 and 4248?
1416
Calculate the highest common factor of 608553 and 2475.
99
Calculate the greatest common factor of 17946931 and 17470.
1747
Calculate the highest common divisor of 684624 and 35904.
816
What is the highest common divisor of 2092492584 and 4368?
2184
What is the greatest common factor of 9509 and 10519781?
257
What is the greatest common divisor of 4650195 and 825?
165
Calculate the highest common factor of 17632 and 3296082.
1102
What is the greatest common factor of 36 and 1074631932?
36
Calculate the greatest common factor of 1482924 and 2802.
6
What is the highest common divisor of 650309383 and 269?
269
What is the greatest common factor of 386483 and 928?
29
What is the highest common divisor of 111044772 and 2393?
2393
What is the highest common factor of 144 and 6492128?
16
What is the greatest common factor of 21 and 3452666?
7
Calculate the greatest common factor of 2653 and 432544.
7
What is the greatest common divisor of 35373 and 783471?
39
Calculate the highest common factor of 173794970 and 290.
290
What is the greatest common divisor of 240 and 2436776?
8
What is the greatest common factor of 1302 and 50357454?
1302
What is the greatest common divisor of 17385495 and 17085?
1005
Calculate the highest common divisor of 260 and 6575036.
52
Calculate the greatest common factor of 2217 and 22102012.
739
Calculate the greatest common factor of 24985 and 157875218.
4997
Calculate the greatest common factor of 2184 and 1022552.
8
Calculate the greatest common factor of 513276 and 32.
4
What is the highest common factor of 7 and 12490471?
7
What is the greatest common divisor of 6039806 and 2294?
74
What is the greatest common divisor of 64784 and 32784?
16
Calculate the highest common divisor of 25 and 285776985.
5
What is the greatest common divisor of 42 and 581238?
42
What is the highest common factor of 187 and 18469208?
17
Calculate the highest common divisor of 27298204 and 1460.
292
What is the highest common factor of 6221 and 8622?
1
Calculate the greatest common divisor of 4038215 and 124.
31
Calculate the highest common divisor of 23679974 and 894.
298
What is the highest common divisor of 264726 and 764?
382
What is the highest common factor of 2 and 91046?
2
What is the highest common factor of 48 and 35496846?
6
What is the highest common divisor of 25935306 and 450708?
9798
What is the greatest common factor of 9158625 and 1665?
45
What is the highest common divisor of 38507630 and 83002?
1766
What is the highest common factor of 2863 and 164418?
409
What is the greatest common factor of 1846 and 332485829?
923
What is the highest common factor of 3980 and 185621628?
796
What is the greatest common factor of 17974 and 3011063?
209
What is the highest common factor of 350365 and 22120?
395
Calculate the greatest common factor of 144 and 29075994.
18
What is the highest common divisor of 75426 and 36277972?
1934
What is the greatest common divisor of 7062 and 322926?
642
What is the greatest common factor of 22025715 and 30?
15
Calculate the highest common factor of 6243121 and 8029.
1147
Calculate the highest common factor of 39765 and 2269256.
2651
What is the greatest common factor of 248 and 10571403?
31
Calculate the highest common factor of 681520 and 541565.
6085
Calculate the highest common divisor of 472 and 19963240.
472
What is the highest common factor of 270193 and 1508899?
203
What is the greatest common divisor of 1071 and 33735114?
63
Calculate the greatest common divisor of 18080 and 2993370.
1130
Calculate the highest common divisor of 204 and 256139340.
204
What is the highest common divisor of 159 and 43713552?
159
What is the highest common divisor of 3 and 22926363?
3
What is the highest common divisor of 186398822 and 74?
74
What is the highest common factor of 5250 and 2121700875?
2625
Calculate the highest common factor of 895721582 and 188.
94
Calculate the highest common divisor of 2339898 and 4719.
363
What is the highest common factor of 2321964 and 192?
12
Calculate the highest common factor of 1341 and 323225104.
149
Calculate the greatest common factor of 28840 and 182825.
515
What is the highest common divisor of 6942450 and 1050?
150
What is the highest common factor of 37696645 and 1015?
35
Calculate the highest common factor of 779666 and 515822.
698
Calculate the highest common factor of 8 and 547681508.
4
What is the greatest common divisor of 1649 and 1343?
17
Calculate the greatest common divisor of 4665 and 5754744.
933
Calculate the highest common divisor of 261330 and 279.
93
What is the greatest common divisor of 259 and 44113902?
7
Calculate the greatest common divisor of 14 and 90197828.
14
Calculate the greatest common factor of 38 and 11454340.
38
What is the highest common divisor of 146 and 34874071?
73
Calculate the greatest common divisor of 27863074 and 2047.
23
Calculate the highest common factor of 37816 and 118501.
163
What is the greatest common factor of 17024 and 1682792?
152
Calculate the highest common divisor of 4614825 and 152625.
2775
What is the highest common divisor of 250744613 and 98?
49
What is the greatest common divisor of 1094 and 287758?
2
Calculate the greatest common divisor of 42921 and 370557.
171
Calculate the highest common divisor of 20252 and 659684.
332
What is the highest common factor of 4087467 and 10157?
1451
Calculate the highest common divisor of 97566 and 49749.
483
Calculate the greatest common divisor of 30799343 and 2813.
97
What is the highest common factor of 7042247 and 9879?
37
Calculate the highest common factor of 81882 and 1098.
18
Calculate the greatest common factor of 16800658 and 28616.
1022
What is the highest common divisor of 234939 and 25631?
71
Calculate the greatest common divisor of 17852255 and 2323.
2323
Calculate the highest common divisor of 48 and 75562104.
24
What is the highest common factor of 875 and 32857545?
35
Calculate the greatest common factor of 42613 and 1720.
43
Calculate the highest common factor of 64269 and 34547193.
1737
Calculate the highest common divisor of 91 and 183709.
1
What is the greatest common factor of 16497 and 99335769?
1833
What is the highest common factor of 248 and 26699029?
31
Calculate the highest common divisor of 6633 and 2940687.
9
Calculate the greatest common factor of 8325 and 3916080.
1665
What is the greatest common factor of 500 and 3082875?
125
Calculate the highest common factor of 20608 and 283472.
112
What is the highest common factor of 88605 and 10561?
179
What is the highest common divisor of 5087956 and 3?
1
What is the highest common divisor of 153 and 3509677251?
153
What is the greatest common divisor of 876640 and 7344?
16
Calculate the greatest common divisor of 6858199 and 172.
43
What is the greatest common factor of 30568788 and 9?
9
Calculate the greatest common divisor of 61830897 and 705.
141
What is the highest common factor of 156 and 85477548?
156
Calculate the highest common factor of 3267 and 7141959.
297
What is the greatest common factor of 44 and 278832653?
11
What is the highest common factor of 89543 and 1947